{"id":3,"date":"2025-05-01T12:11:43","date_gmt":"2025-05-01T12:11:43","guid":{"rendered":"https:\/\/dev.clara-abpurg.at\/?page_id=3"},"modified":"2025-08-24T16:00:09","modified_gmt":"2025-08-24T16:00:09","slug":"datenschutz","status":"publish","type":"page","link":"https:\/\/clara-abpurg.at\/index.php\/datenschutz\/","title":{"rendered":"Datenschutzerkl\u00e4rung"},"content":{"rendered":"\t\t<div data-elementor-type=\"wp-page\" data-elementor-id=\"3\" class=\"elementor elementor-3\">\n\t\t\t\t<div class=\"elementor-element elementor-element-738a00b9 e-flex e-con-boxed e-con e-parent\" data-id=\"738a00b9\" data-element_type=\"container\" data-e-type=\"container\">\n\t\t\t\t\t<div class=\"e-con-inner\">\n\t\t\t\t<div class=\"elementor-element elementor-element-034172f elementor-widget elementor-widget-spacer\" data-id=\"034172f\" data-element_type=\"widget\" data-e-type=\"widget\" data-widget_type=\"spacer.default\">\n\t\t\t\t<div class=\"elementor-widget-container\">\n\t\t\t\t\t\t\t<div class=\"elementor-spacer\">\n\t\t\t<div class=\"elementor-spacer-inner\"><\/div>\n\t\t<\/div>\n\t\t\t\t\t\t<\/div>\n\t\t\t\t<\/div>\n\t\t\t\t<div class=\"elementor-element elementor-element-34a51454 elementor-widget elementor-widget-text-editor\" data-id=\"34a51454\" data-element_type=\"widget\" data-e-type=\"widget\" data-widget_type=\"text-editor.default\">\n\t\t\t\t<div class=\"elementor-widget-container\">\n\t\t\t\t\t\t\t\t\t<h2 class=\"wp-block-heading\" style=\"text-align: center;\">Datenschutzerkl\u00e4rung<\/h2><p><!-- \/wp:heading --><!-- wp:paragraph --><\/p><p style=\"text-align: center;\"><strong>Rechtsanw\u00e4ltin<\/strong><br \/><strong>Mag. Clara Abpurg<br \/><\/strong><\/p><p style=\"text-align: left;\"><strong><br \/><\/strong><strong data-start=\"522\" data-end=\"540\">1. Allgemeines<br \/><\/strong>Der Schutz Ihrer personenbezogenen Daten ist uns ein besonderes Anliegen. Wir verarbeiten Ihre Daten daher ausschlie\u00dflich auf Grundlage der gesetzlichen Bestimmungen (DSGVO, TKG 2003). In dieser Datenschutzerkl\u00e4rung informieren wir Sie \u00fcber die wichtigsten Aspekte der Datenverarbeitung im Rahmen unserer Website.<br \/><strong data-start=\"857\" data-end=\"896\"><br \/>2. Was sind personenbezogene Daten?<br \/><\/strong>Personenbezogene Daten sind alle Informationen, die sich auf eine identifizierte oder identifizierbare nat\u00fcrliche Person beziehen \u2013 z.\u202fB. Name, Adresse, E-Mail-Adresse, IP-Adresse oder Telefonnummer.<\/p><p class=\"\" data-start=\"1099\" data-end=\"1142\"><strong data-start=\"1099\" data-end=\"1142\">3. Datenverarbeitung auf dieser Website<br \/><\/strong>Wir erheben, verarbeiten und nutzen Ihre personenbezogenen Daten nur dann, wenn dies gesetzlich erlaubt ist oder Sie in die Datenerhebung einwilligen.<\/p><h3 class=\"\" data-start=\"1296\" data-end=\"1318\">a) Kontaktformular<\/h3><p class=\"\" data-start=\"1320\" data-end=\"1578\">Wenn Sie per Formular auf der Website oder per E-Mail Kontakt mit uns aufnehmen, werden Ihre angegebenen Daten zwecks Bearbeitung der Anfrage und f\u00fcr den Fall von Anschlussfragen bei uns gespeichert. Diese Daten geben wir nicht ohne Ihre Einwilligung weiter.<\/p><p class=\"\" data-start=\"1580\" data-end=\"1698\"><strong data-start=\"1580\" data-end=\"1600\">Rechtsgrundlage:<\/strong> Art. 6 Abs. 1 lit. a DSGVO (Einwilligung) und\/oder Art. 6 Abs. 1 lit. b DSGVO (Vertragserf\u00fcllung)<\/p><h3 class=\"\" data-start=\"1700\" data-end=\"1714\">b) Cookies<\/h3><p class=\"\" data-start=\"1716\" data-end=\"1888\">Unsere Website verwendet Cookies. Dabei handelt es sich um kleine Textdateien, die mit Hilfe des Browsers auf Ihrem Endger\u00e4t abgelegt werden. Sie richten keinen Schaden an.<\/p><p class=\"\" data-start=\"1890\" data-end=\"2113\">Wir nutzen Cookies, um unsere Website nutzerfreundlich zu gestalten. Einige Cookies bleiben auf Ihrem Endger\u00e4t gespeichert, bis Sie diese l\u00f6schen. Sie erm\u00f6glichen es uns, Ihren Browser beim n\u00e4chsten Besuch wiederzuerkennen.<\/p><p class=\"\" data-start=\"2115\" data-end=\"2276\">Wenn Sie dies nicht w\u00fcnschen, k\u00f6nnen Sie Ihren Browser so einrichten, dass er Sie \u00fcber das Setzen von Cookies informiert und Sie dies nur im Einzelfall erlauben.<\/p><p class=\"\" data-start=\"2278\" data-end=\"2384\"><strong data-start=\"2278\" data-end=\"2298\">Rechtsgrundlage:<\/strong> Art. 6 Abs. 1 lit. f DSGVO (berechtigtes Interesse an der Funktionalit\u00e4t der Website)<\/p><h3 class=\"\" data-start=\"2386\" data-end=\"2409\">c) Google reCAPTCHA<\/h3><p class=\"\" data-start=\"2411\" data-end=\"2792\">Zum Schutz Ihrer Anfragen \u00fcber das Internetformular verwenden wir den Dienst <strong data-start=\"2488\" data-end=\"2501\">reCAPTCHA<\/strong> des Unternehmens Google LLC. Die Abfrage dient der Unterscheidung, ob die Eingabe durch einen Menschen oder missbr\u00e4uchlich durch automatisierte, maschinelle Verarbeitung erfolgt. Hierbei werden Ihre IP-Adresse und gegebenenfalls weitere f\u00fcr den Dienst ben\u00f6tigte Daten an Google \u00fcbermittelt.<\/p><p class=\"\" data-start=\"2794\" data-end=\"2901\"><strong data-start=\"2794\" data-end=\"2814\">Rechtsgrundlage:<\/strong> Art. 6 Abs. 1 lit. f DSGVO (berechtigtes Interesse an der Absicherung unserer Website)<\/p><p class=\"\" data-start=\"2903\" data-end=\"3013\">Weitere Informationen finden Sie in der Datenschutzerkl\u00e4rung von Google:<br data-start=\"2975\" data-end=\"2978\" \/><a target=\"_new\" rel=\"noopener\" data-start=\"2978\" data-end=\"3013\">https:\/\/policies.google.com\/privacy<\/a><\/p><h3 class=\"\" data-start=\"3015\" data-end=\"3037\">d) Server-Logfiles<\/h3><p class=\"\" data-start=\"3039\" data-end=\"3206\">Der Provider der Seiten erhebt und speichert automatisch Informationen in sogenannten Server-Logfiles, die Ihr Browser automatisch an uns \u00fcbermittelt. Dies sind u.\u202fa.:<\/p><ul data-start=\"3208\" data-end=\"3355\"><li class=\"\" data-start=\"3208\" data-end=\"3233\"><p class=\"\" data-start=\"3210\" data-end=\"3233\">Browsertyp und -version<\/p><\/li><li class=\"\" data-start=\"3234\" data-end=\"3262\"><p class=\"\" data-start=\"3236\" data-end=\"3262\">Verwendetes Betriebssystem<\/p><\/li><li class=\"\" data-start=\"3263\" data-end=\"3277\"><p class=\"\" data-start=\"3265\" data-end=\"3277\">Referrer URL<\/p><\/li><li class=\"\" data-start=\"3278\" data-end=\"3314\"><p class=\"\" data-start=\"3280\" data-end=\"3314\">Hostname des zugreifenden Rechners<\/p><\/li><li class=\"\" data-start=\"3315\" data-end=\"3342\"><p class=\"\" data-start=\"3317\" data-end=\"3342\">Uhrzeit der Serveranfrage<\/p><\/li><li class=\"\" data-start=\"3343\" data-end=\"3355\"><p class=\"\" data-start=\"3345\" data-end=\"3355\">IP-Adresse<\/p><\/li><\/ul><p class=\"\" data-start=\"3357\" data-end=\"3474\">Diese Daten sind nicht bestimmten Personen zuordenbar und werden auch nicht mit anderen Datenquellen zusammengef\u00fchrt.<\/p><p><!-- \/wp:paragraph --><\/p><p><strong data-start=\"3476\" data-end=\"3496\">Rechtsgrundlage:<\/strong> Art. 6 Abs. 1 lit. f DSGVO (berechtigtes Interesse an der Sicherheit und Optimierung des Webangebots)<\/p><p class=\"\" data-start=\"3600\" data-end=\"3620\"><strong data-start=\"3600\" data-end=\"3620\">4. Speicherdauer<br \/><\/strong>Wir speichern personenbezogene Daten nur so lange, wie dies zur Erf\u00fcllung der genannten Zwecke notwendig ist oder gesetzliche Aufbewahrungsfristen bestehen. Nach Ablauf dieser Fristen werden die Daten gel\u00f6scht.<\/p><p class=\"\" data-start=\"3834\" data-end=\"3861\"><strong data-start=\"3834\" data-end=\"3861\">5. Weitergabe von Daten<br \/><\/strong>Eine \u00dcbermittlung Ihrer Daten an Dritte erfolgt nur, wenn dies zur Vertragserf\u00fcllung erforderlich ist, eine gesetzliche Verpflichtung besteht oder Sie ausdr\u00fccklich eingewilligt haben. Manche Empf\u00e4nger k\u00f6nnen sich au\u00dferhalb der EU befinden \u2013 in diesem Fall sorgen wir f\u00fcr ein angemessenes Datenschutzniveau gem\u00e4\u00df den Vorgaben der DSGVO.<\/p><p class=\"\" data-start=\"4200\" data-end=\"4218\"><strong data-start=\"4200\" data-end=\"4218\">6. Ihre Rechte<br \/><\/strong>Sie haben das Recht auf:<\/p><ul data-start=\"4246\" data-end=\"4575\"><li class=\"\" data-start=\"4246\" data-end=\"4287\"><p class=\"\" data-start=\"4248\" data-end=\"4287\">Auskunft \u00fcber Ihre gespeicherten Daten,<\/p><\/li><li class=\"\" data-start=\"4288\" data-end=\"4321\"><p class=\"\" data-start=\"4290\" data-end=\"4321\">Berichtigung unrichtiger Daten,<\/p><\/li><li class=\"\" data-start=\"4322\" data-end=\"4377\"><p class=\"\" data-start=\"4324\" data-end=\"4377\">L\u00f6schung (sofern keine Aufbewahrungspflicht besteht),<\/p><\/li><li class=\"\" data-start=\"4378\" data-end=\"4411\"><p class=\"\" data-start=\"4380\" data-end=\"4411\">Einschr\u00e4nkung der Verarbeitung,<\/p><\/li><li class=\"\" data-start=\"4412\" data-end=\"4435\"><p class=\"\" data-start=\"4414\" data-end=\"4435\">Daten\u00fcbertragbarkeit,<\/p><\/li><li class=\"\" data-start=\"4436\" data-end=\"4506\"><p class=\"\" data-start=\"4438\" data-end=\"4506\">Widerspruch gegen die Verarbeitung (insbesondere bei Direktwerbung),<\/p><\/li><li class=\"\" data-start=\"4507\" data-end=\"4575\"><p class=\"\" data-start=\"4509\" data-end=\"4575\">Widerruf einer erteilten Einwilligung mit Wirkung f\u00fcr die Zukunft.<\/p><\/li><\/ul><p>Wenn Sie der Meinung sind, dass die Verarbeitung Ihrer Daten gegen das Datenschutzrecht verst\u00f6\u00dft oder Ihre datenschutzrechtlichen Anspr\u00fcche sonst in einer Weise verletzt worden sind, k\u00f6nnen Sie sich bei der Datenschutzbeh\u00f6rde beschweren (<a target=\"_new\" rel=\"noopener\" data-start=\"4815\" data-end=\"4828\">www.dsb.gv.at<\/a>).<\/p><p><strong data-start=\"4832\" data-end=\"4861\">7. Verantwortliche Stelle<br \/><\/strong>Mag. Clara Abpurg<br data-start=\"4904\" data-end=\"4907\" \/>Garnisongasse 11\/1<br data-start=\"4945\" data-end=\"4948\" \/>1090 Wien<br \/><br data-start=\"4963\" data-end=\"4966\" \/>E-Mail: kanzlei@clara-abpurg.at<br data-start=\"5008\" data-end=\"5011\" \/>Telefon: +43 1 226 55 08<\/p>\t\t\t\t\t\t\t\t<\/div>\n\t\t\t\t<\/div>\n\t\t\t\t\t<\/div>\n\t\t\t\t<\/div>\n\t\t\t\t<\/div>\n\t\t","protected":false},"excerpt":{"rendered":"Datenschutzerkl\u00e4rung Rechtsanw\u00e4ltinMag. Clara Abpurg 1. AllgemeinesDer Schutz Ihrer personenbezogenen Daten ist uns ein besonderes Anliegen. Wir verarbeiten Ihre Daten daher ausschlie\u00dflich auf Grundlage der gesetzlichen Bestimmungen (DSGVO, TKG 2003). In dieser Datenschutzerkl\u00e4rung informieren wir Sie \u00fcber die wichtigsten Aspekte der Datenverarbeitung im Rahmen unserer Website.2. Was sind personenbezogene Daten?Personenbezogene Daten sind alle Informationen, die sich ","protected":false},"author":1,"featured_media":0,"parent":0,"menu_order":0,"comment_status":"closed","ping_status":"open","template":"","meta":{"footnotes":""},"class_list":["post-3","page","type-page","status-publish","hentry"],"yoast_head":"<!-- This site is optimized with the Yoast SEO plugin v27.5 - https:\/\/yoast.com\/product\/yoast-seo-wordpress\/ -->\n<title>Datenschutzerkl\u00e4rung - Mag. Clara Abpurg<\/title>\n<meta name=\"robots\" content=\"index, follow, max-snippet:-1, max-image-preview:large, max-video-preview:-1\" \/>\n<link rel=\"canonical\" href=\"https:\/\/clara-abpurg.at\/index.php\/datenschutz\/\" \/>\n<meta property=\"og:locale\" content=\"de_DE\" \/>\n<meta property=\"og:type\" content=\"article\" \/>\n<meta property=\"og:title\" content=\"Datenschutzerkl\u00e4rung - Mag. Clara Abpurg\" \/>\n<meta property=\"og:description\" content=\"Datenschutzerkl\u00e4rung Rechtsanw\u00e4ltinMag. Clara Abpurg 1. AllgemeinesDer Schutz Ihrer personenbezogenen Daten ist uns ein besonderes Anliegen. Wir verarbeiten Ihre Daten daher ausschlie\u00dflich auf Grundlage der gesetzlichen Bestimmungen (DSGVO, TKG 2003). In dieser Datenschutzerkl\u00e4rung informieren wir Sie \u00fcber die wichtigsten Aspekte der Datenverarbeitung im Rahmen unserer Website.2. Was sind personenbezogene Daten?Personenbezogene Daten sind alle Informationen, die sich\" \/>\n<meta property=\"og:url\" content=\"https:\/\/clara-abpurg.at\/index.php\/datenschutz\/\" \/>\n<meta property=\"og:site_name\" content=\"Mag. Clara Abpurg\" \/>\n<meta property=\"article:modified_time\" content=\"2025-08-24T16:00:09+00:00\" \/>\n<meta name=\"twitter:card\" content=\"summary_large_image\" \/>\n<meta name=\"twitter:label1\" content=\"Gesch\u00e4tzte Lesezeit\" \/>\n\t<meta name=\"twitter:data1\" content=\"4\u00a0Minuten\" \/>\n<script type=\"application\/ld+json\" class=\"yoast-schema-graph\">{\"@context\":\"https:\\\/\\\/schema.org\",\"@graph\":[{\"@type\":\"WebPage\",\"@id\":\"https:\\\/\\\/clara-abpurg.at\\\/index.php\\\/datenschutz\\\/\",\"url\":\"https:\\\/\\\/clara-abpurg.at\\\/index.php\\\/datenschutz\\\/\",\"name\":\"Datenschutzerkl\u00e4rung - Mag. Clara Abpurg\",\"isPartOf\":{\"@id\":\"https:\\\/\\\/clara-abpurg.at\\\/#website\"},\"datePublished\":\"2025-05-01T12:11:43+00:00\",\"dateModified\":\"2025-08-24T16:00:09+00:00\",\"breadcrumb\":{\"@id\":\"https:\\\/\\\/clara-abpurg.at\\\/index.php\\\/datenschutz\\\/#breadcrumb\"},\"inLanguage\":\"de\",\"potentialAction\":[{\"@type\":\"ReadAction\",\"target\":[\"https:\\\/\\\/clara-abpurg.at\\\/index.php\\\/datenschutz\\\/\"]}]},{\"@type\":\"BreadcrumbList\",\"@id\":\"https:\\\/\\\/clara-abpurg.at\\\/index.php\\\/datenschutz\\\/#breadcrumb\",\"itemListElement\":[{\"@type\":\"ListItem\",\"position\":1,\"name\":\"Startseite\",\"item\":\"https:\\\/\\\/clara-abpurg.at\\\/\"},{\"@type\":\"ListItem\",\"position\":2,\"name\":\"Datenschutzerkl\u00e4rung\"}]},{\"@type\":\"WebSite\",\"@id\":\"https:\\\/\\\/clara-abpurg.at\\\/#website\",\"url\":\"https:\\\/\\\/clara-abpurg.at\\\/\",\"name\":\"Mag. Clara Abpurg\",\"description\":\"- Rechtsanw\u00e4ltin\",\"potentialAction\":[{\"@type\":\"SearchAction\",\"target\":{\"@type\":\"EntryPoint\",\"urlTemplate\":\"https:\\\/\\\/clara-abpurg.at\\\/?s={search_term_string}\"},\"query-input\":{\"@type\":\"PropertyValueSpecification\",\"valueRequired\":true,\"valueName\":\"search_term_string\"}}],\"inLanguage\":\"de\"}]}<\/script>\n<!-- \/ Yoast SEO plugin. -->","yoast_head_json":{"title":"Datenschutzerkl\u00e4rung - Mag. Clara Abpurg","robots":{"index":"index","follow":"follow","max-snippet":"max-snippet:-1","max-image-preview":"max-image-preview:large","max-video-preview":"max-video-preview:-1"},"canonical":"https:\/\/clara-abpurg.at\/index.php\/datenschutz\/","og_locale":"de_DE","og_type":"article","og_title":"Datenschutzerkl\u00e4rung - Mag. Clara Abpurg","og_description":"Datenschutzerkl\u00e4rung Rechtsanw\u00e4ltinMag. Clara Abpurg 1. AllgemeinesDer Schutz Ihrer personenbezogenen Daten ist uns ein besonderes Anliegen. Wir verarbeiten Ihre Daten daher ausschlie\u00dflich auf Grundlage der gesetzlichen Bestimmungen (DSGVO, TKG 2003). In dieser Datenschutzerkl\u00e4rung informieren wir Sie \u00fcber die wichtigsten Aspekte der Datenverarbeitung im Rahmen unserer Website.2. Was sind personenbezogene Daten?Personenbezogene Daten sind alle Informationen, die sich","og_url":"https:\/\/clara-abpurg.at\/index.php\/datenschutz\/","og_site_name":"Mag. Clara Abpurg","article_modified_time":"2025-08-24T16:00:09+00:00","twitter_card":"summary_large_image","twitter_misc":{"Gesch\u00e4tzte Lesezeit":"4\u00a0Minuten"},"schema":{"@context":"https:\/\/schema.org","@graph":[{"@type":"WebPage","@id":"https:\/\/clara-abpurg.at\/index.php\/datenschutz\/","url":"https:\/\/clara-abpurg.at\/index.php\/datenschutz\/","name":"Datenschutzerkl\u00e4rung - Mag. Clara Abpurg","isPartOf":{"@id":"https:\/\/clara-abpurg.at\/#website"},"datePublished":"2025-05-01T12:11:43+00:00","dateModified":"2025-08-24T16:00:09+00:00","breadcrumb":{"@id":"https:\/\/clara-abpurg.at\/index.php\/datenschutz\/#breadcrumb"},"inLanguage":"de","potentialAction":[{"@type":"ReadAction","target":["https:\/\/clara-abpurg.at\/index.php\/datenschutz\/"]}]},{"@type":"BreadcrumbList","@id":"https:\/\/clara-abpurg.at\/index.php\/datenschutz\/#breadcrumb","itemListElement":[{"@type":"ListItem","position":1,"name":"Startseite","item":"https:\/\/clara-abpurg.at\/"},{"@type":"ListItem","position":2,"name":"Datenschutzerkl\u00e4rung"}]},{"@type":"WebSite","@id":"https:\/\/clara-abpurg.at\/#website","url":"https:\/\/clara-abpurg.at\/","name":"Mag. Clara Abpurg","description":"- Rechtsanw\u00e4ltin","potentialAction":[{"@type":"SearchAction","target":{"@type":"EntryPoint","urlTemplate":"https:\/\/clara-abpurg.at\/?s={search_term_string}"},"query-input":{"@type":"PropertyValueSpecification","valueRequired":true,"valueName":"search_term_string"}}],"inLanguage":"de"}]}},"_links":{"self":[{"href":"https:\/\/clara-abpurg.at\/index.php\/wp-json\/wp\/v2\/pages\/3","targetHints":{"allow":["GET"]}}],"collection":[{"href":"https:\/\/clara-abpurg.at\/index.php\/wp-json\/wp\/v2\/pages"}],"about":[{"href":"https:\/\/clara-abpurg.at\/index.php\/wp-json\/wp\/v2\/types\/page"}],"author":[{"embeddable":true,"href":"https:\/\/clara-abpurg.at\/index.php\/wp-json\/wp\/v2\/users\/1"}],"replies":[{"embeddable":true,"href":"https:\/\/clara-abpurg.at\/index.php\/wp-json\/wp\/v2\/comments?post=3"}],"version-history":[{"count":16,"href":"https:\/\/clara-abpurg.at\/index.php\/wp-json\/wp\/v2\/pages\/3\/revisions"}],"predecessor-version":[{"id":760,"href":"https:\/\/clara-abpurg.at\/index.php\/wp-json\/wp\/v2\/pages\/3\/revisions\/760"}],"wp:attachment":[{"href":"https:\/\/clara-abpurg.at\/index.php\/wp-json\/wp\/v2\/media?parent=3"}],"curies":[{"name":"wp","href":"https:\/\/api.w.org\/{rel}","templated":true}]}}